13*h - 152 - 225 = 0. Calculate the remainder when 183 is divided by h.
9
Let l(x) = x**3 - 11*x**2 - 12*x + 17. Let k(z) = -4*z**2 + 4*z - 1. Let i be k(3). Let g = i - -37. Calculate the remainder when l(g) is divided by 10.
7
Suppose 0 = -c - 5*i - 1, i = -4*i - 20. Calculate the remainder when -4 + (-1458)/(-30) - (-2)/5 is divided by c.
7
Suppose 0 = -4*d + 41 - 13. Suppose 0 = 5*v - 78 + 258. What is the remainder when (-9)/(27/2)*v is divided by d?
3
Let a(r) = -r**3 + 3*r**2 + r - 1. Let z(j) = -4*j + 3. Calculate the remainder when z(-3) is divided by a(2).
0
Suppose -3*w - 54 = -4*w. Let o(y) be the first derivative of 5*y**2/2 - 66*y + 43. Calculate the remainder when w is divided by o(17).
16
Suppose -12 = -4*b, 223 + 52 = 4*y + 5*b. Let w = y + 19. Let k = -73 - -90. Calculate the remainder when w is divided by k.
16
Let n(p) = 6*p - 23. Let b = 30 + -4. Calculate the remainder when n(21) is divided by b.
25
Let a(y) = 9*y - 2. Let o(v) = -v**3 + 7*v**2 - v. What is the remainder when o(5) is divided by a(2)?
13
Let q(o) = -o**3 + 15*o**2 - 23*o - 11. What is the remainder when 247 is divided by q(13)?
23
Let l(i) = 2*i**2 - 22*i + 204. What is the remainder when 513 is divided by l(9)?
9
Suppose 0 = -3*p + 7 - 1, -2*p + 29 = -5*o. Calculate the remainder when (-11934)/(-135) - (-2)/o is divided by 9.
7
Let z(k) = 176*k**2 - 2*k + 2. Let f be z(1). Suppose 2*r + 2*r - 3*o + f = 0, 2*r + 88 = -2*o. Let n = 73 - r. Calculate the remainder when n is divided by 24.
21
Let l be 0 - (2 - (-12)/(-8))*12. Let j(s) = -3*s + 30. What is the remainder when j(l) is divided by 15?
3
Let w = -10 - 11. What is the remainder when 29 is divided by (-182)/w - 6/9?
5
What is the remainder when 45 is divided by (-1 - -4)*(-20)/(-3)?
5
Calculate the remainder when 521 is divided by ((-812)/21)/(-1*(-12)/(-9)).
28
Let x = 27 + 50. Suppose 29 = -3*f + x. Calculate the remainder when 28 is divided by f.
12
What is the remainder when 3/2*534/9 is divided by 23?
20
Let k = -512 - -604. Calculate the remainder when 273 is divided by k.
89
Let t be 3 + (5 + -2 - 11). Calculate the remainder when (-25)/(-1) + t + 6 is divided by 9.
8
Suppose -3*g + 2*g + 56 = 3*b, 0 = -3*b - 2*g + 55. Suppose 28 = 2*v - 194. Calculate the remainder when v is divided by b.
16
What is the remainder when 22 is divided by 1 - (-1 - (-6 + 10))?
4
Calculate the remainder when (2 - 15/2)/(3/(-48)) is divided by 31.
26
Let b(i) = -i**3 + 6*i**2 + 27*i - 84. Calculate the remainder when 275 is divided by b(7).
51
Suppose -5*t + 857 = -8. Calculate the remainder when t is divided by (10/4)/(-3*2/(-84)).
33
Let f = -3 - -8. Let u(r) = -f*r + 1 - 2*r + r. What is the remainder when 12 is divided by u(-1)?
5
What is the remainder when (-12)/20*(-4636 - 19) is divided by 43?
41
Let c(g) = -3*g**2 - 3*g - 2. Let t be c(-3). Let j = t - -25. Suppose -j*s = m - 692 + 92, m = 5. Calculate the remainder when s is divided by 24.
23
Suppose -4*v = -22 - 6. What is the remainder when 12 is divided by v?
5
Suppose -4*y - 8*f = -3*f + 108, -2*y + 5*f - 24 = 0. Let h = y + 68. Calculate the remainder when h is divided by 17.
12
Let y(u) = -u**3 - 9*u**2 + 24*u + 41. What is the remainder when 586 is divided by y(-11)?
16
Suppose 3*v = 2*v - 3139. Let a = 4753 + v. Calculate the remainder when a/42 + (-6)/14 is divided by 13.
12
Suppose 12*o = 4*q + 9*o - 106, 5*q + 3*o - 146 = 0. Calculate the remainder when 83 is divided by q.
27
Suppose 109 = 14*j - 129. What is the remainder when j is divided by -1*(-11)/(-2)*-2?
6
Suppose -13 = -2*c - 9. Suppose -w + 6*w - 2*t = 10, w = 5*t + c. Suppose w*f - 4 = 3*m - m, -16 = -3*f - 2*m. What is the remainder when f is divided by 4?
0
Let g = 501 - 203. Calculate the remainder when g is divided by 60.
58
Let r(t) = t**3 + 4*t**2 + 5*t + 4. Let p be r(-2). Let x = 5 - p. What is the remainder when x is divided by 1?
0
What is the remainder when -2 - (-7)/(63/2817) is divided by 101?
8
Calculate the remainder when 191 is divided by (-4570)/(-50) + (-6)/(-10).
7
Let o(j) = -j**3 + 18*j**2 - 6*j + 178. What is the remainder when o(18) is divided by 8?
6
Suppose 69 - 5 = 4*p. Suppose -15*r = -10*r - 45. What is the remainder when p is divided by r?
7
Let q(k) = 6*k**2 - 8*k - 21. Let p(c) = -5*c**2 + 7*c + 20. Let a(t) = -5*p(t) - 4*q(t). Calculate the remainder when a(10) is divided by 14.
12
Let p = -293 + 305. Calculate the remainder when 248 is divided by p.
8
Let h(i) = i**3 + 8*i**2 + 7*i. Let n be h(-7). Let z(b) = -b**3 - b**2 + 2*b + 2. Calculate the remainder when 8 is divided by z(n).
0
Calculate the remainder when (4 + -9 + 4 + 0)*-33 is divided by 6.
3
Suppose 3710 = -32*y + 15870. What is the remainder when y is divided by 55?
50
Suppose r = 4*r - 183. Suppose r + 19 = 4*h. Let o = h - 6. Calculate the remainder when 39 is divided by o.
11
Let g(x) = x**3 + x**2 - x. Let u(o) = 2*o**3 - 10*o**2 + 4. Let r(t) = 3*g(t) - u(t). What is the remainder when r(-13) is divided by 12?
11
Let l(k) = k**2 + 10*k + 9. Let x = -18 - -22. Let h = x - 14. What is the remainder when 17 is divided by l(h)?
8
What is the remainder when (20/(-50))/(3/(-465)) is divided by 8?
6
Suppose -4*d - 19 = -4*v + 9, 0 = -5*d + 15. Suppose 19 = 3*j + v. Let m = 4 + -1. Calculate the remainder when j is divided by m.
0
Suppose -5*p + 114 = -4*p. Suppose 11*l - 113 = 7*l - 3*c, 0 = -3*c - 3. Calculate the remainder when p is divided by l.
27
Suppose 0 = -3*f - 20 - 10. Let v be (f/(-3))/(1/9). Suppose 5*x - 2*x = v. Calculate the remainder when x is divided by 6.
4
Let q(p) = 10*p + 119. Let i be q(-7). Let j(d) = -4*d**2 - 4*d - 4. Let r be j(-3). Let a = r + i. What is the remainder when a is divided by 8?
5
Suppose 0 = 15*o - 17*o + 116. What is the remainder when o is divided by (-103)/(-7) - (-6)/21?
13
Suppose -19*u + 11*u = -112. What is the remainder when u is divided by 2?
0
Let k(q) = -4*q**2 + q. Let a be k(-2). Let z = a - -22. Suppose 4*t - z*w - 409 = -9*w, 299 = 3*t - 4*w. Calculate the remainder when t is divided by 26.
23
Let u(c) = -19*c + 3. Let i(r) = -75*r + 13. Let b(k) = -2*i(k) + 9*u(k). Let p(h) = -18*h + 4. What is the remainder when b(-3) is divided by p(-1)?
20
Suppose -31*d + 66 = 2*d. Calculate the remainder when 8 is divided by d.
0
Suppose -2 = -3*l + 2*l. Suppose 50 = -17*j + 7*j. Let g = l - j. What is the remainder when g is divided by 5?
2
Let w(r) = 5*r**2 + 18*r - 3. Let d be w(-10). Let k = 463 - d. What is the remainder when k is divided by 21?
20
Suppose -5*h - 2*o - 1 = -29, 3*h + 5*o = 32. Suppose -n + 14 = -2*q, h*q + 41 = 4*n - 15. What is the remainder when 49 is divided by n?
7
Suppose -4 = 5*v - 14. What is the remainder when 26 is divided by v?
0
Let y(k) = 37*k**2 - k + 1. Let u be y(1). Let i = -18 + u. What is the remainder when (-220)/(-3) - (-5)/(-15) is divided by i?
16
Suppose -3*u = 3*z - 90, 2*z = 2*u - 0*u + 52. Let c = z - -38. Suppose 11 = -g + c. What is the remainder when g is divided by 14?
13
Suppose 45*w + 18*w = 105840. What is the remainder when w is divided by 33?
30
Let h be (-2)/(-9) + 52/9. Calculate the remainder when 0 - ((-453)/h + (-2)/4) is divided by 27.
22
What is the remainder when 248 is divided by (-3 - 28/4)/((-10)/50)?
48
Suppose 5 = -b + 6*b. Calculate the remainder when b is divided by ((-2)/(-4))/1*(33 - 31).
0
Suppose 0 = -17*b + 702 + 182. Suppose 5*j - 11 = -1. Suppose -j*f + 35 = -v, -3*v - 11 = -2*f + 22. Calculate the remainder when b is divided by f.
16
Let o = 362 + -266. What is the remainder when o is divided by 14?
12
Suppose 3*u - 6*u = -51. What is the remainder when 72944/1175 - (-2)/(-25) is divided by u?
11
Suppose 66 = 2*y + 18. Suppose 2*j = -4*p + 248, p + 95 + 29 = j. Suppose 56 + j = 4*s. Calculate the remainder when s is divided by y.
21
Let f be -5*((0 - 1) + -2). Suppose 4*r - f = -r. Suppose p - 38 = r*u, p - 144 = -2*p - u. Calculate the remainder when p is divided by 12.
11
Let a(m) = -3*m + 11. Let c(u) = 4*u - 11. Let x(o) = -3*a(o) - 2*c(o). Let p be x(14). What is the remainder when 32/p*9/2 is divided by 13?
9
Let n = 176 + -428. What is the remainder when 40 is divided by (2/4)/((-9)/n)?
12
Let c(f) be the first derivative of -f**4/4 - 8*f**3/3 - 2*f**2 - 20*f 